9 - 3)/v. What is the greatest common factor of q and 208?
13
Suppose -20 = -4*u, -p + 7*u - 3*u = -70. Let d(l) = 66*l - 125. Let f be d(8). Suppose -19*k - 61 = -f. What is the highest common factor of k and p?
18
Let s(q) = q**3 - 73*q**2 + 180*q**2 - 81*q**2 + 12. Let n be s(-26). Let f be (-2 - -3) + 68/4. Calculate the highest common divisor of n and f.
6
Suppose -60 = -3*q - q. Let i(t) = 31*t - 303. Let u be i(10). Suppose 0 = -2*m + 2*j + 12, 3*j = u*m - 6*m + 2. What is the greatest common divisor of m and q?
5
Let a be (-44)/11*(-2)/8*-75. Let k be ((a/(-10))/(-15))/(3/(-6)). Calculate the highest common divisor of k and 79.
1
Let v(g) = -391*g. Let n be v(-1). Let k = 589 - n. Suppose 0*r = -5*r + 110. What is the greatest common divisor of k and r?
22
Let c be ((-78)/429)/(5/(-11)) - (-515)/25. What is the greatest common factor of c and 35532?
21
Suppose 77 = 3*g - 5*x, -4*g = -54*x + 55*x - 95. Let h be (3 + 34/(-10))*-390. Calculate the greatest common divisor of h and g.
12
Suppose 146*x = -2*z + 142*x + 32, -5*z + 5*x + 65 = 0. Let o(u) = -u**3 - 5*u**2 - 5*u + 9. Let i be o(-9). Calculate the greatest common divisor of i and z.
14
Suppose 631 + 841 = 8*z. Calculate the highest common divisor of 112 and z.
8
Let v(f) be the first derivative of 2*f**3/3 + 3*f**2 - 23*f + 69. Let m be v(8). Calculate the highest common divisor of m and 9.
9
Let u(r) = -1820*r**3 - 22*r**2 - 15*r + 6. Let d be u(-1). What is the highest common divisor of d and 856?
107
Suppose 0 = -6*s + d + 12802, 0 = 27*d - 24*d + 12. Calculate the highest common divisor of s and 158.
79
Let g be -5 - 9/((-9)/(-14)). Let m = 35 + g. Let p be -1*2/(-8) - (-2865)/60. Calculate the highest common factor of m and p.
16
Suppose -5*b - 4*n = -3*n - 14, 2*b - 2*n + 4 = 0. Suppose b*q - 14*v - 10 = -13*v, 2*q = 2*v + 8. What is the greatest common divisor of q and 42?
6
Let a = -188 + 81. Let u = 182 + a. What is the highest common factor of 125 and u?
25
Let d(m) = 842*m - 752. Let n be d(1). What is the highest common divisor of 24 and n?
6
Suppose -366 + 384 = 6*m. Suppose -3*r = 55*l - 60*l + 89, 0 = -l - m*r + 7. Let h = 118 + -78. What is the greatest common divisor of h and l?
8
Let v be -1 + (-4 - -3) + 0 + 7. Let m(x) = -x**3 + 3*x**2 + 9*x + 5. Let n be m(v). Let o = 11 - n. Calculate the greatest common divisor of o and 143.
11
Let y = 92 + -88. Let l be -1 - 32/(-8 + y). Suppose d + 3 - 38 = 0. Calculate the greatest common factor of d and l.
7
Let x be 136 - 2/4*-14. Let r be (1 + -27)/(x/(-22) + 6). Calculate the highest common factor of 91 and r.
13
Suppose 5*m + 6*c - 237 = 2*c, 0 = 2*m + 2*c - 96. What is the highest common factor of 5745 and m?
15
Let i(a) = 12*a - 117. Suppose 43*h = 46*h - 48. Let j be i(h). What is the highest common divisor of j and 225?
75
Let k be (-6744)/16*4/6. Let y = -141 - k. What is the highest common divisor of 56 and y?
28
Let x = 4 - -4. Suppose -204 + 70 = -f. Let a = f - 46. What is the highest common factor of x and a?
8
Let z = 39 - 9. Let c be 825/z + (-2)/(-4). Suppose 0*l + l = c. What is the greatest common divisor of 168 and l?
28
Let d(o) be the first derivative of 52*o**3/3 - 9*o**2/2 - 2*o + 14. Let k be d(3). Suppose -131 = 4*w - k. Calculate the greatest common divisor of w and 11.
11
Let q(n) = -2*n**2 - 114*n - 418. Let h be q(-53). Calculate the greatest common factor of 8166 and h.
6
Let l be -9 + 61/7 + (-5)/7. Let s be ((-27)/(-81))/(l/(-15)). Let h be -1*25*(-2 + 1). Calculate the highest common factor of h and s.
5
Let d(o) = -8*o**3 - 14*o**2 - 47*o + 10. Let b be d(-7). Calculate the highest common factor of b and 204.
51
Let k = -9882 - -10008. Calculate the highest common divisor of k and 2954.
14
Let c(o) = -o**3 - 28*o**2 - 28*o + 48. Let w be c(-30). Let j be 4/26 + w/104. What is the greatest common factor of j and 39?
13
Suppose 41461*v = 41455*v + 150. Let m(f) = -f**2 + f + 50. Let p be -1 - 0 - 1 - -2. Let t be m(p). What is the greatest common divisor of t and v?
25
Suppose 406*x - 1499*x = -13116. Let h be 25/4 + (-1)/4. Calculate the greatest common divisor of h and x.
6
Let m(x) = 18*x + 3. Let f be m(-3). Let n = 2240 - 2180. Let w = n + f. What is the greatest common divisor of w and 9?
9
Let i be (-1295)/(-15) - 3/9. Let b = i - 69. Let j be 0 + (0 + b - -1). What is the highest common factor of j and 18?
18
Let u = 200 - 89. Let p = u + -97. Let f be (-1857)/(-12) + 6/(-8). Calculate the highest common divisor of f and p.
14
Let y(p) = 39*p**2 - 101*p - 760. Let j be y(-8). What is the greatest common divisor of j and 96?
48
Suppose -66053 = -14*w + 10401. Calculate the greatest common divisor of 254 and w.
127
Suppose 42 + 198 = 5*i. Let s be ((-17)/((-714)/72))/((-9)/(-84)). Calculate the greatest common factor of s and i.
16
Let x = 2677 - 1922. Calculate the highest common divisor of 10 and x.
5
Let j = 58 + -28. Let z(y) = 3*y + 10. Let x(b) = b. Let i(o) = -4*x(o) - z(o). Let m be i(-4). What is the greatest common factor of j and m?
6
Suppose -5*k - 100 + 30 = 0. Let n = -969 + 942. Let j be -4*(-7)/(k/n). Calculate the greatest common divisor of 135 and j.
27
Let k(n) = 5*n**3 - 13*n**2 - 19*n + 127. Let j be k(6). Calculate the greatest common divisor of 225 and j.
25
Suppose -4*m = m - 30, 2*y - 3000 = -3*m. Calculate the greatest common divisor of 3 and y.
3
Let r(l) = 25*l + 99. Let z(u) = 3*u + 1. Let c(a) = r(a) - 2*z(a). Let i be c(-5). Calculate the highest common factor of 16 and i.
2
Suppose -2*x + 1 = -1. Let z(a) = 5*a + 2. Let g be z(x). Let o = -78 + 106. What is the greatest common divisor of o and g?
7
Let x(q) = -q**3 + 23*q**2 - q + 99. Let v be x(23). Let s(c) = -2*c**2 - 69*c - 46. Let p be s(-12). What is the highest common factor of v and p?
38
Let r(k) = -k**2 - 2*k + 28. Let p = -470 + 474. Let m be r(p). What is the highest common factor of 172 and m?
4
Let j(i) = -i + 7. Let n be j(5). Let l be (-39)/(-3) - (-1 + 6). Suppose -n*z - l = -80. What is the greatest common factor of z and 90?
18
Let z(q) = -q**3 + 51*q**2 - 137*q + 195. Let n be z(47). Calculate the highest common factor of n and 128.
32
Let l be 2 - (0 + -244 - (1 + -4)). Suppose -3*k - 195 = -l. Let c = -191 - -271. What is the greatest common factor of c and k?
16
Let l = 16216 - 14776. Calculate the greatest common factor of 648 and l.
72
Suppose -68*x + 63*x = 0. Suppose 3*d - 223 + 91 = x. What is the greatest common divisor of 44 and d?
44
Suppose -9*l = 4*l - 52. Suppose -l*f + 608 = -388. Let y = f - 129. Calculate the greatest common divisor of y and 5.
5
Let n(p) = 18*p**2 - 191*p - 8. Let f be n(9). Let d = 500 + f. Let i = 24 + 9. Calculate the greatest common divisor of i and d.
33
Suppose 13*h + 225 = 22*h. Let a be h + -16 - 5/1. Calculate the highest common divisor of a and 92.
4
Let b(j) = j**3 + 19*j**2 + 83*j + 1332. Let s be b(-18). What is the greatest common divisor of s and 288?
18
Let t(r) = 51*r - 8. Let v be t(4). Let h = -152 + v. Let d = 74 - 30. Calculate the highest common divisor of h and d.
44
Suppose 0 = 3*b - 77*f + 80*f - 8847, 3*b + 5*f = 8835. What is the highest common factor of 15 and b?
15
Suppose 159 = 12*x + 39. Let h be 4/10 + (-24)/(-15). What is the highest common factor of x and h?
2
Let u(z) = -35*z**2 + 2*z + 1. Let g(y) = 3*y - 7. Let c be g(2). Let s be u(c). Let w = s + 71. What is the highest common factor of w and 5?
5
Suppose -7*c - 816 = -8*c - 4*l, 2*l = 4*c - 3228. Calculate the highest common factor of 72 and c.
8
Let v = 6605 + -1718. What is the greatest common divisor of 108 and v?
27
Let m(o) = -3*o**2 + o + 138. Let w be m(0). Suppose w = 9*p - 6*p. What is the highest common divisor of p and 2?
2
Let m be 7 - (48/42 + 4826/(-266)). Let y = -53 + 77. Calculate the highest common factor of m and y.
24
Suppose 38*w + 4*w = -9*w + 7344. Calculate the highest common divisor of 3072 and w.
48
Suppose 3*b - 6*b + 5*y = -73, -5*y = -5. Let c = -18 + b. Suppose -178 = -5*a - 2*o + 270, -5*a - 4*o = -456. What is the greatest common divisor of c and a?
8
Suppose -1578*d + 363405 = -1553*d - 27095. What is the greatest common factor of 220 and d?
220
Suppose 12*i = 993 + 98 + 445. What is the greatest common divisor of i and